{"id":1699,"date":"2020-01-27T15:00:24","date_gmt":"2020-01-27T14:00:24","guid":{"rendered":"http:\/\/wohltat-ev.com\/?page_id=1699"},"modified":"2022-10-24T14:39:15","modified_gmt":"2022-10-24T12:39:15","slug":"deutsch-schottischer-freundschaftsbund","status":"publish","type":"page","link":"https:\/\/www.wohltat-ev.com\/fr\/startseite\/deutsch-schottischer-freundschaftsbund\/","title":{"rendered":"Association allemande d&#8217;amiti\u00e9 \u00e9cossaise"},"content":{"rendered":"<p><span style=\"font-size: 18pt;color: #339966\"><strong><span style=\"font-family: arial, helvetica, sans-serif\">Association allemande d&#8217;amiti\u00e9 \u00e9cossaise<\/span><\/strong><\/span><br \/>\n<span style=\"font-size: 18pt;color: #339966\"><strong><span style=\"font-family: arial, helvetica, sans-serif\">pour les questions culturelles et sociales<\/span><\/strong><\/span><\/p>\n<p><span style=\"font-family: arial, helvetica, sans-serif\"><span style=\"font-size: 14pt;color: #339966\"><strong>id\u00e9e Club<\/strong><\/span>:<\/span><\/p>\n<p><span style=\"font-size: 24pt;color: #339966\"><strong><span style=\"font-family: arial, helvetica, sans-serif\">L&#8217;association<\/span><\/strong><\/span><\/p>\n<p><span style=\"font-family: arial, helvetica, sans-serif\">En tant que fans enthousiastes de l&#8217;\u00c9cosse, de ses paysages vari\u00e9s, du mode de vie des gens, de la tradition, de la musique et enfin du whisky, notre objectif est d&#8217;aider les gens en Allemagne, en particulier ici dans la r\u00e9gion d&#8217;Aix-la-Chapelle et la zone frontali\u00e8re avec les Pays-Bas et la Belgique, pour rapprocher un morceau de cette Ecosse. Ainsi, le 1er ao\u00fbt 2016, nous avons fond\u00e9 notre association, &#8220;German Scottish Association for Culture and Social Affairs&#8221;.<\/span><\/p>\n<p><span style=\"color: #339966\"><strong><span style=\"font-family: arial, helvetica, sans-serif\">Notre objectif est<\/span><\/strong><\/span><\/p>\n<p><span style=\"font-family: arial, helvetica, sans-serif\">\u00c9tablir, maintenir et intensifier des contacts en \u00c9cosse.<\/span><br \/>\n<span style=\"font-family: arial, helvetica, sans-serif\">Organisez des voyages en \u00c9cosse. Nous avons envisag\u00e9 diff\u00e9rents th\u00e8mes: citytrips, voyages culturels, randonn\u00e9es, voyages whisky, etc.<\/span><br \/>\n<span style=\"font-family: arial, helvetica, sans-serif\">Organisez des expositions de photos, de films et d&#8217;art.<\/span><br \/>\n<span style=\"font-family: arial, helvetica, sans-serif\">pour permettre \u00e0 diff\u00e9rents clubs de travailler ensemble. Nous voulons organiser des \u00e9v\u00e9nements communs. Bien s\u00fbr, les associations locales devraient \u00e9galement \u00eatre incluses, qui \u00e0 premi\u00e8re vue n&#8217;ont pas de lien plus \u00e9troit avec l&#8217;\u00c9cosse.<\/span><br \/>\n<span style=\"font-family: arial, helvetica, sans-serif\">pour unir tous les \u00e2ges. Gr\u00e2ce \u00e0 l&#8217;association, les enfants, les jeunes et les adultes ont l&#8217;opportunit\u00e9 de se retrouver, d&#8217;\u00e9changer des id\u00e9es et de planifier et mener des actions ensemble.<\/span><br \/>\n<span style=\"font-family: arial, helvetica, sans-serif\">pour aider \u00e0 fa\u00e7onner l&#8217;id\u00e9e de l&#8217;inclusion.<\/span><br \/>\n<span style=\"font-family: arial, helvetica, sans-serif\">Nous encourageons les personnes handicap\u00e9es \u00e0 participer avec nous sur un pied d&#8217;\u00e9galit\u00e9 et \u00e0 participer \u00e0 nos \u00e9v\u00e9nements et activit\u00e9s.<\/span><br \/>\n<span style=\"font-family: arial, helvetica, sans-serif\">pour soutenir des projets sociaux ou la conservation de l&#8217;environnement et de la nature.<\/span><\/p>\n<p><span style=\"font-family: arial, helvetica, sans-serif\">Nous avons eu quelques \u00e9v\u00e9nements r\u00e9ussis au cours des derni\u00e8res ann\u00e9es.<\/span><\/p>\n<p><span style=\"font-family: arial, helvetica, sans-serif\">Entre autres, le &#8220;Burns Supper \/ Burns Night&#8221; commence en janvier.<\/span><\/p>\n<p><span style=\"font-family: arial, helvetica, sans-serif\">Un festival \u00e9cossais traditionnel avec des po\u00e8mes et des chansons du po\u00e8te \u00e9cossais Robert Burns, bien s\u00fbr, les tuyaux et les tambours ne doivent pas \u00eatre oubli\u00e9s ici.<\/span><\/p>\n<p><span style=\"font-family: arial, helvetica, sans-serif\">Nous c\u00e9l\u00e9brons \u00e9galement la Saint-Patrick chaque ann\u00e9e en mars.<\/span><\/p>\n<p><span style=\"font-family: arial, helvetica, sans-serif\">Ici, vous pouvez c\u00e9l\u00e9brer avec de la musique live et de bonne humeur!<\/span><\/p>\n<p><span style=\"font-family: arial, helvetica, sans-serif\">En juin, nous organiserons ensuite les Celtic Euregio Days.<\/span><\/p>\n<p><span style=\"font-family: arial, helvetica, sans-serif\">Le premier CED&#8217;2018 a suscit\u00e9 un tel int\u00e9r\u00eat et une r\u00e9sonance extr\u00eamement positive dans la soci\u00e9t\u00e9 et la politique que nous avons d\u00e9cid\u00e9 d&#8217;organiser un \u00e9v\u00e9nement annuel.<\/span><\/p>\n<p><span style=\"font-family: arial, helvetica, sans-serif\">Les prochains \u00abCeltic Euregio Days\u00bb sont \u00e0 nos portes, cette fois \u00e0 Herzogenrath.<\/span><\/p>\n<p><span style=\"font-family: arial, helvetica, sans-serif\">Les pr\u00e9paratifs battent leur plein et nous attendons avec impatience de nombreux participants au festival et dans le camp de tentes historique ci-joint.<\/span><\/p>\n<p><span style=\"font-family: arial, helvetica, sans-serif;color: #339966\"><strong>Veuillez \u00e9galement noter la lettre de Frank Staudinger dans le <span style=\"color: #339966\">calendrier des \u00e9v\u00e9nements<\/span>.<\/strong><\/span><\/p>\n<p><span style=\"font-family: arial, helvetica, sans-serif\"><span style=\"color: #339966\"><strong>Abonnez-vous \u00e0 notre newsletter ici:<\/strong><\/span><br \/>\n[mailpoet_form id=&#8221;1&#8243;]<br \/>\n<\/span><\/p>\n","protected":false},"excerpt":{"rendered":"<p>Association allemande d&#8217;amiti\u00e9 \u00e9cossaise pour les questions culturelles et sociales id\u00e9e Club: L&#8217;association En tant que fans enthousiastes de l&#8217;\u00c9cosse, de ses paysages vari\u00e9s, du mode de vie des gens, de la tradition, de la musique et enfin du whisky, notre objectif est d&#8217;aider les gens en Allemagne, en particulier ici dans la r\u00e9gion d&#8217;Aix-la-Chapelle [&hellip;]<\/p>\n","protected":false},"author":1,"featured_media":0,"parent":2405,"menu_order":0,"comment_status":"closed","ping_status":"closed","template":"","meta":{"_uag_custom_page_level_css":"","site-sidebar-layout":"default","site-content-layout":"default","ast-site-content-layout":"default","site-content-style":"default","site-sidebar-style":"default","ast-global-header-display":"","ast-banner-title-visibility":"","ast-main-header-display":"","ast-hfb-above-header-display":"","ast-hfb-below-header-display":"","ast-hfb-mobile-header-display":"","site-post-title":"","ast-breadcrumbs-content":"","ast-featured-img":"","footer-sml-layout":"","ast-disable-related-posts":"","theme-transparent-header-meta":"default","adv-header-id-meta":"","stick-header-meta":"default","header-above-stick-meta":"","header-main-stick-meta":"","header-below-stick-meta":"","astra-migrate-meta-layouts":"default","ast-page-background-enabled":"default","ast-page-background-meta":{"desktop":{"background-color":"","background-image":"","background-repeat":"repeat","background-position":"center center","background-size":"auto","background-attachment":"scroll","background-type":"","background-media":"","overlay-type":"","overlay-color":"","overlay-opacity":"","overlay-gradient":""},"tablet":{"background-color":"","background-image":"","background-repeat":"repeat","background-position":"center center","background-size":"auto","background-attachment":"scroll","background-type":"","background-media":"","overlay-type":"","overlay-color":"","overlay-opacity":"","overlay-gradient":""},"mobile":{"background-color":"","background-image":"","background-repeat":"repeat","background-position":"center center","background-size":"auto","background-attachment":"scroll","background-type":"","background-media":"","overlay-type":"","overlay-color":"","overlay-opacity":"","overlay-gradient":""}},"ast-content-background-meta":{"desktop":{"background-color":"var(--ast-global-color-5)","background-image":"","background-repeat":"repeat","background-position":"center center","background-size":"auto","background-attachment":"scroll","background-type":"","background-media":"","overlay-type":"","overlay-color":"","overlay-opacity":"","overlay-gradient":""},"tablet":{"background-color":"var(--ast-global-color-5)","background-image":"","background-repeat":"repeat","background-position":"center center","background-size":"auto","background-attachment":"scroll","background-type":"","background-media":"","overlay-type":"","overlay-color":"","overlay-opacity":"","overlay-gradient":""},"mobile":{"background-color":"var(--ast-global-color-5)","background-image":"","background-repeat":"repeat","background-position":"center center","background-size":"auto","background-attachment":"scroll","background-type":"","background-media":"","overlay-type":"","overlay-color":"","overlay-opacity":"","overlay-gradient":""}},"_price":"","_stock":"","_tribe_ticket_header":"","_tribe_default_ticket_provider":"","_tribe_ticket_capacity":"0","_ticket_start_date":"","_ticket_end_date":"","_tribe_ticket_show_description":"","_tribe_ticket_show_not_going":false,"_tribe_ticket_use_global_stock":"","_tribe_ticket_global_stock_level":"","_global_stock_mode":"","_global_stock_cap":"","_tribe_rsvp_for_event":"","_tribe_ticket_going_count":"","_tribe_ticket_not_going_count":"","_tribe_tickets_list":"[]","_tribe_ticket_has_attendee_info_fields":false,"footnotes":"","_links_to":"","_links_to_target":""},"class_list":["post-1699","page","type-page","status-publish","hentry"],"translation":{"provider":"WPGlobus","version":"3.0.2","language":"fr","enabled_languages":["de","en","nl","fr"],"languages":{"de":{"title":true,"content":true,"excerpt":false},"en":{"title":true,"content":true,"excerpt":false},"nl":{"title":true,"content":true,"excerpt":false},"fr":{"title":true,"content":true,"excerpt":false}}},"uagb_featured_image_src":{"full":false,"thumbnail":false,"medium":false,"medium_large":false,"large":false,"1536x1536":false,"2048x2048":false,"sow-carousel-default":false},"uagb_author_info":{"display_name":"-TG-","author_link":"https:\/\/www.wohltat-ev.com\/fr\/author\/tg\/"},"uagb_comment_info":0,"uagb_excerpt":"Association allemande d&#8217;amiti\u00e9 \u00e9cossaise pour les questions culturelles et sociales id\u00e9e Club: L&#8217;association En tant que fans enthousiastes de l&#8217;\u00c9cosse, de ses paysages vari\u00e9s, du mode de vie des gens, de la tradition, de la musique et enfin du whisky, notre objectif est d&#8217;aider les gens en Allemagne, en particulier ici dans la r\u00e9gion d&#8217;Aix-la-Chapelle&hellip;","_links":{"self":[{"href":"https:\/\/www.wohltat-ev.com\/fr\/wp-json\/wp\/v2\/pages\/1699","targetHints":{"allow":["GET"]}}],"collection":[{"href":"https:\/\/www.wohltat-ev.com\/fr\/wp-json\/wp\/v2\/pages"}],"about":[{"href":"https:\/\/www.wohltat-ev.com\/fr\/wp-json\/wp\/v2\/types\/page"}],"author":[{"embeddable":true,"href":"https:\/\/www.wohltat-ev.com\/fr\/wp-json\/wp\/v2\/users\/1"}],"replies":[{"embeddable":true,"href":"https:\/\/www.wohltat-ev.com\/fr\/wp-json\/wp\/v2\/comments?post=1699"}],"version-history":[{"count":2,"href":"https:\/\/www.wohltat-ev.com\/fr\/wp-json\/wp\/v2\/pages\/1699\/revisions"}],"predecessor-version":[{"id":4825,"href":"https:\/\/www.wohltat-ev.com\/fr\/wp-json\/wp\/v2\/pages\/1699\/revisions\/4825"}],"up":[{"embeddable":true,"href":"https:\/\/www.wohltat-ev.com\/fr\/wp-json\/wp\/v2\/pages\/2405"}],"wp:attachment":[{"href":"https:\/\/www.wohltat-ev.com\/fr\/wp-json\/wp\/v2\/media?parent=1699"}],"curies":[{"name":"wp","href":"https:\/\/api.w.org\/{rel}","templated":true}]}}

Association allemande d&#8217;amitié écossaise

<p><span style="font-size: 18pt;color: #339966"><strong><span style="font-family: arial, helvetica, sans-serif">Association allemande d&#8217;amitié écossaise</span></strong></span><br />
<span style="font-size: 18pt;color: #339966"><strong><span style="font-family: arial, helvetica, sans-serif">pour les questions culturelles et sociales</span></strong></span></p>
<p><span style="font-family: arial, helvetica, sans-serif"><span style="font-size: 14pt;color: #339966"><strong>idée Club</strong></span>:</span></p>
<p><span style="font-size: 24pt;color: #339966"><strong><span style="font-family: arial, helvetica, sans-serif">L&#8217;association</span></strong></span></p>
<p><span style="font-family: arial, helvetica, sans-serif">En tant que fans enthousiastes de l&#8217;Écosse, de ses paysages variés, du mode de vie des gens, de la tradition, de la musique et enfin du whisky, notre objectif est d&#8217;aider les gens en Allemagne, en particulier ici dans la région d&#8217;Aix-la-Chapelle et la zone frontalière avec les Pays-Bas et la Belgique, pour rapprocher un morceau de cette Ecosse. Ainsi, le 1er août 2016, nous avons fondé notre association, &#8220;German Scottish Association for Culture and Social Affairs&#8221;.</span></p>
<p><span style="color: #339966"><strong><span style="font-family: arial, helvetica, sans-serif">Notre objectif est</span></strong></span></p>
<p><span style="font-family: arial, helvetica, sans-serif">Établir, maintenir et intensifier des contacts en Écosse.</span><br />
<span style="font-family: arial, helvetica, sans-serif">Organisez des voyages en Écosse. Nous avons envisagé différents thèmes: citytrips, voyages culturels, randonnées, voyages whisky, etc.</span><br />
<span style="font-family: arial, helvetica, sans-serif">Organisez des expositions de photos, de films et d&#8217;art.</span><br />
<span style="font-family: arial, helvetica, sans-serif">pour permettre à différents clubs de travailler ensemble. Nous voulons organiser des événements communs. Bien sûr, les associations locales devraient également être incluses, qui à première vue n&#8217;ont pas de lien plus étroit avec l&#8217;Écosse.</span><br />
<span style="font-family: arial, helvetica, sans-serif">pour unir tous les âges. Grâce à l&#8217;association, les enfants, les jeunes et les adultes ont l&#8217;opportunité de se retrouver, d&#8217;échanger des idées et de planifier et mener des actions ensemble.</span><br />
<span style="font-family: arial, helvetica, sans-serif">pour aider à façonner l&#8217;idée de l&#8217;inclusion.</span><br />
<span style="font-family: arial, helvetica, sans-serif">Nous encourageons les personnes handicapées à participer avec nous sur un pied d&#8217;égalité et à participer à nos événements et activités.</span><br />
<span style="font-family: arial, helvetica, sans-serif">pour soutenir des projets sociaux ou la conservation de l&#8217;environnement et de la nature.</span></p>
<p><span style="font-family: arial, helvetica, sans-serif">Nous avons eu quelques événements réussis au cours des dernières années.</span></p>
<p><span style="font-family: arial, helvetica, sans-serif">Entre autres, le &#8220;Burns Supper / Burns Night&#8221; commence en janvier.</span></p>
<p><span style="font-family: arial, helvetica, sans-serif">Un festival écossais traditionnel avec des poèmes et des chansons du poète écossais Robert Burns, bien sûr, les tuyaux et les tambours ne doivent pas être oubliés ici.</span></p>
<p><span style="font-family: arial, helvetica, sans-serif">Nous célébrons également la Saint-Patrick chaque année en mars.</span></p>
<p><span style="font-family: arial, helvetica, sans-serif">Ici, vous pouvez célébrer avec de la musique live et de bonne humeur!</span></p>
<p><span style="font-family: arial, helvetica, sans-serif">En juin, nous organiserons ensuite les Celtic Euregio Days.</span></p>
<p><span style="font-family: arial, helvetica, sans-serif">Le premier CED&#8217;2018 a suscité un tel intérêt et une résonance extrêmement positive dans la société et la politique que nous avons décidé d&#8217;organiser un événement annuel.</span></p>
<p><span style="font-family: arial, helvetica, sans-serif">Les prochains «Celtic Euregio Days» sont à nos portes, cette fois à Herzogenrath.</span></p>
<p><span style="font-family: arial, helvetica, sans-serif">Les préparatifs battent leur plein et nous attendons avec impatience de nombreux participants au festival et dans le camp de tentes historique ci-joint.</span></p>
<p><span style="font-family: arial, helvetica, sans-serif;color: #339966"><strong>Veuillez également noter la lettre de Frank Staudinger dans le <span style="color: #339966">calendrier des événements</span>.</strong></span></p>
<p><span style="font-family: arial, helvetica, sans-serif"><span style="color: #339966"><strong>Abonnez-vous à notre newsletter ici:</strong></span><br />
[mailpoet_form id=&#8221;1&#8243;]<br />
</span></p>

<p>Association allemande d&#8217;amitié écossaise pour les questions culturelles et sociales idée Club: L&#8217;association En tant que fans enthousiastes de l&#8217;Écosse, de ses paysages variés, du mode de vie des gens, de la tradition, de la musique et enfin du whisky, notre objectif est d&#8217;aider les gens en Allemagne, en particulier ici dans la région d&#8217;Aix-la-Chapelle [&hellip;]</p>

Association allemande d&#8217;amitié écossaise pour les questions culturelles et sociales idée Club: L&#8217;association En tant que fans enthousiastes de l&#8217;Écosse, de ses paysages variés, du mode de vie des gens, de la tradition, de la musique et enfin du whisky, notre objectif est d&#8217;aider les gens en Allemagne, en particulier ici dans la région d&#8217;Aix-la-Chapelle&hellip;
