{"id":2405,"date":"2019-11-03T13:59:40","date_gmt":"2019-11-03T12:59:41","guid":{"rendered":"http:\/\/wohltat-ev.com\/?page_id=2"},"modified":"2021-01-03T17:29:17","modified_gmt":"2021-01-03T16:29:17","slug":"startseite","status":"publish","type":"page","link":"https:\/\/www.wohltat-ev.com\/fr\/","title":{"rendered":"A.S.H. Wohltat e.V. Herzogenrath"},"content":{"rendered":"<p style=\"text-align: left\"><strong><span style=\"font-size: 18pt;color: #339966;font-family: arial, helvetica, sans-serif\"><a href=\"http:\/\/wohltat-ev.com\/wp-content\/uploads\/2020\/01\/Logovollschrift-Wohltat-neu.jpg\"><img loading=\"lazy\" decoding=\"async\" class=\" wp-image-835 alignright\" src=\"http:\/\/wohltat-ev.com\/wp-content\/uploads\/2020\/01\/Logovollschrift-Wohltat-neu-296x300.jpg\" alt=\"\" width=\"257\" height=\"260\" srcset=\"https:\/\/www.wohltat-ev.com\/wp-content\/uploads\/sites\/2\/2020\/01\/Logovollschrift-Wohltat-neu-296x300.jpg 296w, https:\/\/www.wohltat-ev.com\/wp-content\/uploads\/sites\/2\/2020\/01\/Logovollschrift-Wohltat-neu-1009x1024.jpg 1009w, https:\/\/www.wohltat-ev.com\/wp-content\/uploads\/sites\/2\/2020\/01\/Logovollschrift-Wohltat-neu-768x779.jpg 768w, https:\/\/www.wohltat-ev.com\/wp-content\/uploads\/sites\/2\/2020\/01\/Logovollschrift-Wohltat-neu-1514x1536.jpg 1514w, https:\/\/www.wohltat-ev.com\/wp-content\/uploads\/sites\/2\/2020\/01\/Logovollschrift-Wohltat-neu-2019x2048.jpg 2019w, https:\/\/www.wohltat-ev.com\/wp-content\/uploads\/sites\/2\/2020\/01\/Logovollschrift-Wohltat-neu-1200x1217.jpg 1200w, https:\/\/www.wohltat-ev.com\/wp-content\/uploads\/sites\/2\/2020\/01\/Logovollschrift-Wohltat-neu-1980x2009.jpg 1980w\" sizes=\"auto, (max-width: 257px) 100vw, 257px\" \/><\/a>Nous aidons les personnes \u00e0 faible revenu sur la voie d&#8217;une vie meilleure &#8230;<\/span><\/strong><\/p>\n<p><strong><span style=\"font-family: arial, helvetica, sans-serif\">La perte d&#8217;emploi, la maladie, la perte du partenaire de vie et de nombreuses autres conditions de vie peuvent provoquer des crises (graves), voire menacer toute l&#8217;existence. L&#8217;indemnit\u00e9 de maladie, l&#8217;allocation de ch\u00f4mage, Hartz IV, la faillite, la perte de logement ou le sans-abrisme imminent sont des conditions de vie qui repr\u00e9sentent des charges extr\u00eames.<\/span><\/strong><\/p>\n<p><strong><span style=\"font-family: arial, helvetica, sans-serif\">Sur le plan financier, il n&#8217;y a g\u00e9n\u00e9ralement plus de motivation pour reprendre la vie par les cornes. &#8220;Levez-vous, couronnez et passez \u00e0 autre chose&#8221; n&#8217;est alors connu que des contes de f\u00e9es et des fables de l&#8217;enfance, mais dans la vraie vie vous n&#8217;avez peut-\u00eatre pas la force ou le courage de le faire.<\/span><\/strong><\/p>\n<p><strong><span style=\"font-family: arial, helvetica, sans-serif\">Vous avez besoin de soutien, de conseils professionnels, d&#8217;une personne ayant une bonne id\u00e9e ou au moins d&#8217;un coup de main pour un nouveau d\u00e9part. Si oui, contactez-nous, nous pouvons peut-\u00eatre vous aider. Nous sommes une organisation \u00e0 but non lucratif qui s&#8217;occupe des probl\u00e8mes fondamentaux des personnes. Nous constatons que rien n&#8217;est pire que de s&#8217;allonger sur le sol puis de d\u00e9missionner compl\u00e8tement. Une crise ne signifie pas que la vie en tant que telle est mauvaise. Une crise signifie r\u00e9aligner la vie, se redresser et continuer sous votre propre responsabilit\u00e9!<\/span><\/strong><\/p>\n<p><span style=\"color: #339966\"><strong><span style=\"font-family: arial, helvetica, sans-serif\">&#8230; nous soutenons les personnes en situation d&#8217;urgence:<\/span><\/strong><\/span><\/p>\n<ul>\n<li><strong><span style=\"font-family: arial, helvetica, sans-serif\">avec notre r\u00e9seau d&#8217;aides (coachs, avocats, artisans et bien d&#8217;autres)<\/span><\/strong><\/li>\n<li><strong><span style=\"font-family: arial, helvetica, sans-serif\">lors de nos r\u00e9unions mensuelles de club pour l&#8217;achat de logements<\/span><\/strong><\/li>\n<li><strong><span style=\"font-family: arial, helvetica, sans-serif\">avec divers projets d&#8217;auto-assistance dans lesquels tout le monde peut s&#8217;impliquer<\/span><\/strong><\/li>\n<li><strong><span style=\"font-family: arial, helvetica, sans-serif\">lors de la recherche de mini-jobs<\/span><\/strong><\/li>\n<li><strong><span style=\"font-family: arial, helvetica, sans-serif\">avec de petits emplois qui peuvent conduire \u00e0 une ind\u00e9pendance viable<\/span><\/strong><\/li>\n<li><strong><span style=\"font-family: arial, helvetica, sans-serif\">avec une formation pour peu d&#8217;argent ou pour un don<\/span><\/strong><\/li>\n<\/ul>\n<p><span style=\"color: #339966\"><strong><span style=\"font-family: arial, helvetica, sans-serif\">&#8230; et offrir \u00e0 chacun la possibilit\u00e9 de participer et de se d\u00e9velopper,<\/span><\/strong><\/span><br \/><span style=\"color: #339966\"><strong><span style=\"font-family: arial, helvetica, sans-serif\">pour que la vie vaille \u00e0 nouveau!<\/span><\/strong><\/span><\/p>\n<p><span style=\"font-family: arial, helvetica, sans-serif;font-size: 18pt\"><strong>Parle-nous. Nous sommes l\u00e0 pour vous!<\/strong><\/span><\/p>\n<table style=\"border-collapse: collapse;width: 100%\">\n<tbody>\n<tr>\n<td style=\"width: 38.498%;text-align: center\"><strong><span style=\"font-size: 18pt;color: #339966;font-family: arial, helvetica, sans-serif\"><a href=\"http:\/\/wohltat-ev.com\/wp-content\/uploads\/2020\/01\/Logovollschrift-Wohltat-neu.jpg\"><img loading=\"lazy\" decoding=\"async\" class=\"wp-image-835 alignnone\" src=\"http:\/\/wohltat-ev.com\/wp-content\/uploads\/2020\/01\/Logovollschrift-Wohltat-neu-296x300.jpg\" alt=\"\" width=\"257\" height=\"260\" srcset=\"https:\/\/www.wohltat-ev.com\/wp-content\/uploads\/sites\/2\/2020\/01\/Logovollschrift-Wohltat-neu-296x300.jpg 296w, https:\/\/www.wohltat-ev.com\/wp-content\/uploads\/sites\/2\/2020\/01\/Logovollschrift-Wohltat-neu-1009x1024.jpg 1009w, https:\/\/www.wohltat-ev.com\/wp-content\/uploads\/sites\/2\/2020\/01\/Logovollschrift-Wohltat-neu-768x779.jpg 768w, https:\/\/www.wohltat-ev.com\/wp-content\/uploads\/sites\/2\/2020\/01\/Logovollschrift-Wohltat-neu-1514x1536.jpg 1514w, https:\/\/www.wohltat-ev.com\/wp-content\/uploads\/sites\/2\/2020\/01\/Logovollschrift-Wohltat-neu-2019x2048.jpg 2019w, https:\/\/www.wohltat-ev.com\/wp-content\/uploads\/sites\/2\/2020\/01\/Logovollschrift-Wohltat-neu-1200x1217.jpg 1200w, https:\/\/www.wohltat-ev.com\/wp-content\/uploads\/sites\/2\/2020\/01\/Logovollschrift-Wohltat-neu-1980x2009.jpg 1980w\" sizes=\"auto, (max-width: 257px) 100vw, 257px\" \/><\/a><\/span><\/strong><\/td>\n<td style=\"width: 61.502%\">\n<p><span style=\"color: #339966\"><strong><span style=\"font-family: arial, helvetica, sans-serif\">Nous aidons les personnes \u00e0 faible revenu de la r\u00e9gion d&#8217;Aix-la-Chapelle sur la voie d&#8217;une vie meilleure.<\/span><\/strong><\/span><\/p>\n<p><span style=\"color: #339966\"><strong><span style=\"font-family: arial, helvetica, sans-serif\">Kleikstrasse 61 (OK61)<\/span><\/strong><\/span><br \/><span style=\"color: #339966\"><strong><span style=\"font-family: arial, helvetica, sans-serif\">52134 Herzogenrath<\/span><\/strong><\/span><br \/><strong><span style=\"font-family: arial, helvetica, sans-serif\">Lun &#8211; sam 11h00 &#8211; 19h00<\/span><\/strong><br \/><span style=\"color: #339966\"><strong><span style=\"font-family: arial, helvetica, sans-serif\">T\u00e9l. 02406 &#8211; 98 78 653<\/span><\/strong><\/span><br \/><span style=\"color: #339966\"><strong><span style=\"font-family: arial, helvetica, sans-serif\">Courriel: welltat-ev@gmx.de<\/span><\/strong><\/span><br \/><span style=\"color: #339966\"><strong><span style=\"font-family: arial, helvetica, sans-serif\">Site Web: welltat-ev.de<\/span><\/strong><\/span><\/p>\n<\/td>\n<\/tr>\n<\/tbody>\n<\/table>\n<p><strong><span style=\"font-family: arial, helvetica, sans-serif\"><span style=\"color: #339966\">Abonnez-vous \u00e0 notre newsletter ici:<\/span><br \/>[mailpoet_form id=&#8221;1&#8243;]<br \/><\/span><\/strong><\/p>\n","protected":false},"excerpt":{"rendered":"<p>Nous aidons les personnes \u00e0 faible revenu sur la voie d&#8217;une vie meilleure &#8230; La perte d&#8217;emploi, la maladie, la perte du partenaire de vie et de nombreuses autres conditions de vie peuvent provoquer des crises (graves), voire menacer toute l&#8217;existence. L&#8217;indemnit\u00e9 de maladie, l&#8217;allocation de ch\u00f4mage, Hartz IV, la faillite, la perte de logement [&hellip;]<\/p>\n","protected":false},"author":1,"featured_media":0,"parent":0,"menu_order":0,"comment_status":"closed","ping_status":"open","template":"","meta":{"_uag_custom_page_level_css":"","site-sidebar-layout":"default","site-content-layout":"default","ast-site-content-layout":"default","site-content-style":"default","site-sidebar-style":"default","ast-global-header-display":"","ast-banner-title-visibility":"","ast-main-header-display":"","ast-hfb-above-header-display":"","ast-hfb-below-header-display":"","ast-hfb-mobile-header-display":"","site-post-title":"disabled","ast-breadcrumbs-content":"","ast-featured-img":"","footer-sml-layout":"","ast-disable-related-posts":"","theme-transparent-header-meta":"default","adv-header-id-meta":"","stick-header-meta":"default","header-above-stick-meta":"","header-main-stick-meta":"","header-below-stick-meta":"","astra-migrate-meta-layouts":"default","ast-page-background-enabled":"default","ast-page-background-meta":{"desktop":{"background-color":"","background-image":"","background-repeat":"repeat","background-position":"center center","background-size":"auto","background-attachment":"scroll","background-type":"","background-media":"","overlay-type":"","overlay-color":"","overlay-opacity":"","overlay-gradient":""},"tablet":{"background-color":"","background-image":"","background-repeat":"repeat","background-position":"center center","background-size":"auto","background-attachment":"scroll","background-type":"","background-media":"","overlay-type":"","overlay-color":"","overlay-opacity":"","overlay-gradient":""},"mobile":{"background-color":"","background-image":"","background-repeat":"repeat","background-position":"center center","background-size":"auto","background-attachment":"scroll","background-type":"","background-media":"","overlay-type":"","overlay-color":"","overlay-opacity":"","overlay-gradient":""}},"ast-content-background-meta":{"desktop":{"background-color":"var(--ast-global-color-5)","background-image":"","background-repeat":"repeat","background-position":"center center","background-size":"auto","background-attachment":"scroll","background-type":"","background-media":"","overlay-type":"","overlay-color":"","overlay-opacity":"","overlay-gradient":""},"tablet":{"background-color":"var(--ast-global-color-5)","background-image":"","background-repeat":"repeat","background-position":"center center","background-size":"auto","background-attachment":"scroll","background-type":"","background-media":"","overlay-type":"","overlay-color":"","overlay-opacity":"","overlay-gradient":""},"mobile":{"background-color":"var(--ast-global-color-5)","background-image":"","background-repeat":"repeat","background-position":"center center","background-size":"auto","background-attachment":"scroll","background-type":"","background-media":"","overlay-type":"","overlay-color":"","overlay-opacity":"","overlay-gradient":""}},"_price":"","_stock":"","_tribe_ticket_header":"","_tribe_default_ticket_provider":"","_tribe_ticket_capacity":"0","_ticket_start_date":"","_ticket_end_date":"","_tribe_ticket_show_description":"","_tribe_ticket_show_not_going":false,"_tribe_ticket_use_global_stock":"","_tribe_ticket_global_stock_level":"","_global_stock_mode":"","_global_stock_cap":"","_tribe_rsvp_for_event":"","_tribe_ticket_going_count":"","_tribe_ticket_not_going_count":"","_tribe_tickets_list":"[]","_tribe_ticket_has_attendee_info_fields":false,"footnotes":"","_links_to":"","_links_to_target":""},"class_list":["post-2405","page","type-page","status-publish","hentry"],"translation":{"provider":"WPGlobus","version":"3.0.2","language":"fr","enabled_languages":["de","en","nl","fr"],"languages":{"de":{"title":true,"content":true,"excerpt":false},"en":{"title":true,"content":true,"excerpt":false},"nl":{"title":true,"content":true,"excerpt":false},"fr":{"title":true,"content":true,"excerpt":false}}},"uagb_featured_image_src":{"full":false,"thumbnail":false,"medium":false,"medium_large":false,"large":false,"1536x1536":false,"2048x2048":false,"sow-carousel-default":false},"uagb_author_info":{"display_name":"-TG-","author_link":"https:\/\/www.wohltat-ev.com\/fr\/author\/tg\/"},"uagb_comment_info":0,"uagb_excerpt":"Nous aidons les personnes \u00e0 faible revenu sur la voie d&#8217;une vie meilleure &#8230; La perte d&#8217;emploi, la maladie, la perte du partenaire de vie et de nombreuses autres conditions de vie peuvent provoquer des crises (graves), voire menacer toute l&#8217;existence. L&#8217;indemnit\u00e9 de maladie, l&#8217;allocation de ch\u00f4mage, Hartz IV, la faillite, la perte de logement&hellip;","_links":{"self":[{"href":"https:\/\/www.wohltat-ev.com\/fr\/wp-json\/wp\/v2\/pages\/2405","targetHints":{"allow":["GET"]}}],"collection":[{"href":"https:\/\/www.wohltat-ev.com\/fr\/wp-json\/wp\/v2\/pages"}],"about":[{"href":"https:\/\/www.wohltat-ev.com\/fr\/wp-json\/wp\/v2\/types\/page"}],"author":[{"embeddable":true,"href":"https:\/\/www.wohltat-ev.com\/fr\/wp-json\/wp\/v2\/users\/1"}],"replies":[{"embeddable":true,"href":"https:\/\/www.wohltat-ev.com\/fr\/wp-json\/wp\/v2\/comments?post=2405"}],"version-history":[{"count":4,"href":"https:\/\/www.wohltat-ev.com\/fr\/wp-json\/wp\/v2\/pages\/2405\/revisions"}],"predecessor-version":[{"id":4754,"href":"https:\/\/www.wohltat-ev.com\/fr\/wp-json\/wp\/v2\/pages\/2405\/revisions\/4754"}],"wp:attachment":[{"href":"https:\/\/www.wohltat-ev.com\/fr\/wp-json\/wp\/v2\/media?parent=2405"}],"curies":[{"name":"wp","href":"https:\/\/api.w.org\/{rel}","templated":true}]}}

<p style="text-align: left"><strong><span style="font-size: 18pt;color: #339966;font-family: arial, helvetica, sans-serif"><a href="http://wohltat-ev.com/wp-content/uploads/2020/01/Logovollschrift-Wohltat-neu.jpg"><img loading="lazy" decoding="async" class=" wp-image-835 alignright" src="http://wohltat-ev.com/wp-content/uploads/2020/01/Logovollschrift-Wohltat-neu-296x300.jpg" alt="" width="257" height="260" srcset="https://www.wohltat-ev.com/wp-content/uploads/sites/2/2020/01/Logovollschrift-Wohltat-neu-296x300.jpg 296w, https://www.wohltat-ev.com/wp-content/uploads/sites/2/2020/01/Logovollschrift-Wohltat-neu-1009x1024.jpg 1009w, https://www.wohltat-ev.com/wp-content/uploads/sites/2/2020/01/Logovollschrift-Wohltat-neu-768x779.jpg 768w, https://www.wohltat-ev.com/wp-content/uploads/sites/2/2020/01/Logovollschrift-Wohltat-neu-1514x1536.jpg 1514w, https://www.wohltat-ev.com/wp-content/uploads/sites/2/2020/01/Logovollschrift-Wohltat-neu-2019x2048.jpg 2019w, https://www.wohltat-ev.com/wp-content/uploads/sites/2/2020/01/Logovollschrift-Wohltat-neu-1200x1217.jpg 1200w, https://www.wohltat-ev.com/wp-content/uploads/sites/2/2020/01/Logovollschrift-Wohltat-neu-1980x2009.jpg 1980w" sizes="auto, (max-width: 257px) 100vw, 257px" /></a>Nous aidons les personnes à faible revenu sur la voie d&#8217;une vie meilleure &#8230;</span></strong></p>
<p><strong><span style="font-family: arial, helvetica, sans-serif">La perte d&#8217;emploi, la maladie, la perte du partenaire de vie et de nombreuses autres conditions de vie peuvent provoquer des crises (graves), voire menacer toute l&#8217;existence. L&#8217;indemnité de maladie, l&#8217;allocation de chômage, Hartz IV, la faillite, la perte de logement ou le sans-abrisme imminent sont des conditions de vie qui représentent des charges extrêmes.</span></strong></p>
<p><strong><span style="font-family: arial, helvetica, sans-serif">Sur le plan financier, il n&#8217;y a généralement plus de motivation pour reprendre la vie par les cornes. &#8220;Levez-vous, couronnez et passez à autre chose&#8221; n&#8217;est alors connu que des contes de fées et des fables de l&#8217;enfance, mais dans la vraie vie vous n&#8217;avez peut-être pas la force ou le courage de le faire.</span></strong></p>
<p><strong><span style="font-family: arial, helvetica, sans-serif">Vous avez besoin de soutien, de conseils professionnels, d&#8217;une personne ayant une bonne idée ou au moins d&#8217;un coup de main pour un nouveau départ. Si oui, contactez-nous, nous pouvons peut-être vous aider. Nous sommes une organisation à but non lucratif qui s&#8217;occupe des problèmes fondamentaux des personnes. Nous constatons que rien n&#8217;est pire que de s&#8217;allonger sur le sol puis de démissionner complètement. Une crise ne signifie pas que la vie en tant que telle est mauvaise. Une crise signifie réaligner la vie, se redresser et continuer sous votre propre responsabilité!</span></strong></p>
<p><span style="color: #339966"><strong><span style="font-family: arial, helvetica, sans-serif">&#8230; nous soutenons les personnes en situation d&#8217;urgence:</span></strong></span></p>
<ul>
<li><strong><span style="font-family: arial, helvetica, sans-serif">avec notre réseau d&#8217;aides (coachs, avocats, artisans et bien d&#8217;autres)</span></strong></li>
<li><strong><span style="font-family: arial, helvetica, sans-serif">lors de nos réunions mensuelles de club pour l&#8217;achat de logements</span></strong></li>
<li><strong><span style="font-family: arial, helvetica, sans-serif">avec divers projets d&#8217;auto-assistance dans lesquels tout le monde peut s&#8217;impliquer</span></strong></li>
<li><strong><span style="font-family: arial, helvetica, sans-serif">lors de la recherche de mini-jobs</span></strong></li>
<li><strong><span style="font-family: arial, helvetica, sans-serif">avec de petits emplois qui peuvent conduire à une indépendance viable</span></strong></li>
<li><strong><span style="font-family: arial, helvetica, sans-serif">avec une formation pour peu d&#8217;argent ou pour un don</span></strong></li>
</ul>
<p><span style="color: #339966"><strong><span style="font-family: arial, helvetica, sans-serif">&#8230; et offrir à chacun la possibilité de participer et de se développer,</span></strong></span><br /><span style="color: #339966"><strong><span style="font-family: arial, helvetica, sans-serif">pour que la vie vaille à nouveau!</span></strong></span></p>
<p><span style="font-family: arial, helvetica, sans-serif;font-size: 18pt"><strong>Parle-nous. Nous sommes là pour vous!</strong></span></p>
<table style="border-collapse: collapse;width: 100%">
<tbody>
<tr>
<td style="width: 38.498%;text-align: center"><strong><span style="font-size: 18pt;color: #339966;font-family: arial, helvetica, sans-serif"><a href="http://wohltat-ev.com/wp-content/uploads/2020/01/Logovollschrift-Wohltat-neu.jpg"><img loading="lazy" decoding="async" class="wp-image-835 alignnone" src="http://wohltat-ev.com/wp-content/uploads/2020/01/Logovollschrift-Wohltat-neu-296x300.jpg" alt="" width="257" height="260" srcset="https://www.wohltat-ev.com/wp-content/uploads/sites/2/2020/01/Logovollschrift-Wohltat-neu-296x300.jpg 296w, https://www.wohltat-ev.com/wp-content/uploads/sites/2/2020/01/Logovollschrift-Wohltat-neu-1009x1024.jpg 1009w, https://www.wohltat-ev.com/wp-content/uploads/sites/2/2020/01/Logovollschrift-Wohltat-neu-768x779.jpg 768w, https://www.wohltat-ev.com/wp-content/uploads/sites/2/2020/01/Logovollschrift-Wohltat-neu-1514x1536.jpg 1514w, https://www.wohltat-ev.com/wp-content/uploads/sites/2/2020/01/Logovollschrift-Wohltat-neu-2019x2048.jpg 2019w, https://www.wohltat-ev.com/wp-content/uploads/sites/2/2020/01/Logovollschrift-Wohltat-neu-1200x1217.jpg 1200w, https://www.wohltat-ev.com/wp-content/uploads/sites/2/2020/01/Logovollschrift-Wohltat-neu-1980x2009.jpg 1980w" sizes="auto, (max-width: 257px) 100vw, 257px" /></a></span></strong></td>
<td style="width: 61.502%">
<p><span style="color: #339966"><strong><span style="font-family: arial, helvetica, sans-serif">Nous aidons les personnes à faible revenu de la région d&#8217;Aix-la-Chapelle sur la voie d&#8217;une vie meilleure.</span></strong></span></p>
<p><span style="color: #339966"><strong><span style="font-family: arial, helvetica, sans-serif">Kleikstrasse 61 (OK61)</span></strong></span><br /><span style="color: #339966"><strong><span style="font-family: arial, helvetica, sans-serif">52134 Herzogenrath</span></strong></span><br /><strong><span style="font-family: arial, helvetica, sans-serif">Lun &#8211; sam 11h00 &#8211; 19h00</span></strong><br /><span style="color: #339966"><strong><span style="font-family: arial, helvetica, sans-serif">Tél. 02406 &#8211; 98 78 653</span></strong></span><br /><span style="color: #339966"><strong><span style="font-family: arial, helvetica, sans-serif">Courriel: welltat-ev@gmx.de</span></strong></span><br /><span style="color: #339966"><strong><span style="font-family: arial, helvetica, sans-serif">Site Web: welltat-ev.de</span></strong></span></p>
</td>
</tr>
</tbody>
</table>
<p><strong><span style="font-family: arial, helvetica, sans-serif"><span style="color: #339966">Abonnez-vous à notre newsletter ici:</span><br />[mailpoet_form id=&#8221;1&#8243;]<br /></span></strong></p>

<p>Nous aidons les personnes à faible revenu sur la voie d&#8217;une vie meilleure &#8230; La perte d&#8217;emploi, la maladie, la perte du partenaire de vie et de nombreuses autres conditions de vie peuvent provoquer des crises (graves), voire menacer toute l&#8217;existence. L&#8217;indemnité de maladie, l&#8217;allocation de chômage, Hartz IV, la faillite, la perte de logement [&hellip;]</p>

Nous aidons les personnes à faible revenu sur la voie d&#8217;une vie meilleure &#8230; La perte d&#8217;emploi, la maladie, la perte du partenaire de vie et de nombreuses autres conditions de vie peuvent provoquer des crises (graves), voire menacer toute l&#8217;existence. L&#8217;indemnité de maladie, l&#8217;allocation de chômage, Hartz IV, la faillite, la perte de logement&hellip;
